z(b) = 6694*b - 1131213. Determine z(169).
73
Let c(h) = h**3 + 26*h**2 + 30*h - 2069. Calculate c(-16).
11
Let k(n) = -7*n**2 - 1892*n + 17135. Determine k(9).
-460
Let x(l) = 297*l**2 - 5038*l - 22. Calculate x(17).
165
Let r(o) = 223*o + 388. What is r(-1)?
165
Let n(w) = -49*w - 63. What is n(-2)?
35
Let b(f) = 14*f**2 + 616*f + 6732. What is b(-24)?
12
Let q(v) = -590*v**2 + 220*v. Calculate q(2).
-1920
Let r(x) = -1644*x + 207222. Give r(126).
78
Let v(p) = 13*p**2 + 2754*p + 22064. What is v(-8)?
864
Let a(f) = -4*f**3 + 158*f**2 + 1376*f - 64582. What is a(37)?
20
Let d(q) = -435*q + 12140. What is d(30)?
-910
Let p(v) = -3085*v + 1039673. Give p(337).
28
Let s(o) = -140*o**2 + 225*o - 50. Calculate s(0).
-50
Let x(y) = 12198*y - 85400. What is x(7)?
-14
Let u(j) = -j**2 - 97014*j - 1164033. Calculate u(-12).
-9
Let i(f) = -f**2 + 6576*f + 19687. Determine i(-3).
-50
Let c(y) = 29*y**2 + 1656*y - 21498. Calculate c(-68).
-10
Let p(x) = -x**2 - 617*x - 4832. What is p(-8)?
40
Let b(u) = -610*u - 233633. Determine b(-383).
-3
Let y(c) = 35*c**2 - 47213*c - 47213. What is y(-1)?
35
Let g(y) = y**2 - 40653*y - 447312. Determine g(-11).
-8
Let b(z) = 5*z**3 + 93*z**2 - 706*z - 12671. Determine b(-19).
21
Let z(i) = -898*i - 53834. Give z(-60).
46
Let v(z) = 10*z**3 + 26*z**2 + 747*z + 2263. Give v(-3).
-14
Let u(o) = -o**2 + 331*o - 23636. Give u(108).
448
Let n(z) = -11*z - 376. Calculate n(-14).
-222
Let o(x) = x**3 - 1805*x**2 - 20075*x + 179781. Determine o(1816).
-3
Let a(v) = 75*v**2 + 35*v - 207. What is a(6)?
2703
Let u(r) = -19353*r - 135479. Calculate u(-7).
-8
Let t(h) = h**3 - 94*h**2 + 320*h + 4219. Determine t(90).
619
Let n(k) = 24*k**2 - 641*k - 2057. What is n(-3)?
82
Let u(j) = -258*j**2 - 482*j + 6. Calculate u(-2).
-62
Let t(x) = x**3 - 19*x**2 - 60*x + 1209. Give t(16).
-519
Let l(o) = -o**3 - 145*o**2 + 1731*o - 127. What is l(11)?
38
Let b(f) = 322*f + 3371. Calculate b(-8).
795
Let r(t) = t**3 - 71*t**2 + 644*t - 14. Determine r(10).
326
Let g(s) = -6*s**3 + 2306*s**2 - 3062*s + 741. What is g(383)?
1507
Let p(v) = -3*v**2 + 782*v - 741. Determine p(260).
-221
Let x(y) = 7*y**3 + 1393*y**2 + 2750*y - 1571. Determine x(-197).
5
Let u(v) = -81*v**3 - 51*v**2 + 56*v - 2. Calculate u(1).
-78
Let z(q) = 11*q**2 - 131*q - 1719. Calculate z(-9).
351
Let c(t) = -13419*t + 738050. Determine c(55).
5
Let p(r) = -300*r**2 - 4212*r + 7. Determine p(-14).
175
Let b(f) = -80*f**2 + 2387*f + 364. What is b(30)?
-26
Let u(x) = 9*x**3 + 120*x**2 - 28*x - 326. What is u(-15)?
-3281
Let g(c) = c**3 - 11*c**2 - 126*c + 284. Determine g(19).
778
Let s(h) = 1803*h + 100862. Calculate s(-56).
-106
Let j(a) = a**3 - 509*a**2 + 4035*a - 13459. Determine j(501).
68
Let t(m) = -16115*m - 16127. Calculate t(-1).
-12
Let u(y) = 122*y - 36597. Calculate u(300).
3
Let u(a) = a**3 + 50*a**2 - 5367*a - 278132. Calculate u(-54).
22
Let o(j) = 773*j + 7343. Calculate o(-12).
-1933
Let h(a) = 33*a**3 + 131*a**2 - 25673*a - 102704. Calculate h(-4).
-28
Let t(r) = -170603*r - 511793. What is t(-3)?
16
Let z(u) = 17*u**3 - 1256*u**2 - 152*u + 52. What is z(74)?
-244
Let c(d) = 733*d + 8271. What is c(-11)?
208
Let a(j) = 652*j - 3894. Give a(6).
18
Let z(l) = -4*l**2 - 1153*l - 22444. Calculate z(-20).
-984
Let g(p) = 2*p**2 - 1486*p + 275657. Determine g(358).
-3
Let v(w) = -w**3 + 439*w**2 + 6*w - 2607. Determine v(439).
27
Let b(p) = -8*p**2 + 2255*p - 7. What is b(0)?
-7
Let v(p) = -6731*p - 201631. Calculate v(-30).
299
Let n(s) = -s**2 - 80*s + 3011. Calculate n(-105).
386
Let r(a) = 2166*a + 221378. What is r(-103)?
-1720
Let s(o) = 13*o**2 + 469*o + 53. Determine s(-33).
-1267
Let r(s) = -s**2 + 11*s - 144. Determine r(12).
-156
Let g(b) = -125*b + 2730. Give g(23).
-145
Let t(n) = -134*n + 8812. Determine t(64).
236
Let p(b) = -b**3 + 65*b**2 - 780*b - 632. Calculate p(17).
-20
Let g(t) = t**2 - 354*t + 31340. Determine g(180).
20
Let h(m) = -1354*m - 9558. What is h(-7)?
-80
Let p(g) = 273*g - 55149. What is p(202)?
-3
Let i(n) = 6*n**3 + 288*n**2 - 31*n + 196. Determine i(-48).
1684
Let x(g) = -7*g**2 - 950*g - 14098. Give x(-16).
-690
Let j(g) = -3*g**3 - 1503*g**2 + 9270*g + 73009. Determine j(-507).
1
Let s(y) = -y**3 - 8*y**2 + 5276*y - 31146. What is s(6)?
6
Let f(x) = -18*x**3 - 4*x**2 - 719*x - 43. What is f(0)?
-43
Let d(m) = -7458*m - 7468. Give d(-1).
-10
Let q(v) = 74*v**3 - 4366*v**2 + 7*v - 91. Calculate q(59).
322
Let x(q) = q**3 + 697*q**2 + 36957*q - 67101. Calculate x(-639).
-6
Let v(u) = -3*u**2 - 1155*u + 7005. What is v(6)?
-33
Let y(i) = -282*i + 10489. Calculate y(37).
55
Let b(z) = -9569*z + 354033. Calculate b(37).
-20
Let c(k) = -98*k**2 - 1036*k - 1. Give c(-10).
559
Let o(b) = 7*b**2 + 46049*b - 831145. Give o(18).
5
Let v(d) = 64*d**3 - 32261*d**2 + 2516*d + 2026. Determine v(504).
10
Let k(z) = z**3 - 103*z**2 + 195*z + 580. What is k(101)?
-127
Let l(f) = -3623*f + 10888. Calculate l(3).
19
Let k(x) = x**3 - 71*x**2 - 72*x - 5750. Determine k(73).
-348
Let p(l) = -12*l**2 + 497*l + 24733. Calculate p(-29).
228
Let o(y) = -38*y**3 - 6*y**2 - 2257*y - 6773. Give o(-3).
970
Let d(s) = -7320*s - 1302971. Give d(-178).
-11
Let r(c) = -163*c**3 + 501*c + 1005. Determine r(-2).
1307
Let d(u) = 3*u**2 - 1252*u - 633443. Determine d(-296).
-3
Let t(r) = 7*r**3 + 47*r**2 + 201*r - 2. Give t(-6).
-1028
Let w(r) = -r**3 + 128*r**2 + 215*r - 81. Give w(-2).
9
Let j(i) = -i**3 - 581*i**2 + 1917*i + 96353. What is j(-584)?
-7
Let t(d) = 636*d + 7254. Determine t(-11).
258
Let z(o) = 3448*o + 1075728. Calculate z(-312).
-48
Let z(x) = 12423*x + 260888. What is z(-21)?
5
Let d(c) = 2*c**3 + 58*c**2 + 388*c - 80. What is d(-18)?
64
Let n(x) = -15*x**3 + 258*x**2 - 37*x + 98. Determine n(17).
336
Let y(b) = -b**3 + 10*b**2 - 16540*b - 33119. Determine y(-2).
9
Let r(c) = -1061*c**2 + 6390*c - 132. Calculate r(6).
12
Let s(z) = -116*z**2 + 154513*z - 1326. Determine s(1332).
6
Let l(j) = -359389*j + 359403. What is l(1)?
14
Let x(t) = t**3 + 414*t**2 + 913*t + 36663. What is x(-412)?
-5
Let i(z) = 13*z**2 - 19*z - 210. Calculate i(12).
1434
Let x(s) = -716*s - 9297. What is x(-13)?
11
Let l(d) = 880*d**2 + d - 575. Determine l(0).
-575
Let p(u) = -3*u**2 + 106*u + 109. Give p(37).
-76
Let r(p) = -p**2 + 2429*p + 422529. Give r(-163).
33
Let u(l) = -3*l**2 + 995*l - 27925. What is u(31)?
37
Let f(p) = p**3 - 784*p**2 - 4622*p - 93224. Calculate f(790).
-4
Let a(d) = -1039*d + 64064. Calculate a(64).
-2432
Let b(k) = -2*k**3 - 104*k**2 - 25*k - 1289. What is b(-52)?
11
Let c(b) = -314*b**2 + 4082*b + 21. Determine c(13).
21
Let p(i) = i**3 + 275*i**2 + 782*i - 9762. Calculate p(-272).
-514
Let v(u) = 9924*u + 863164. Calculate v(-87).
-224
Let r(w) = w**3 - 14*w**2 + 7*w - 21. Calculate r(14).
77
Let r(i) = 46541*i - 26. Determine r(0).
-26
Let a(n) = -2*n**3 - 140*n**2 + 9*n + 370. What is a(-70)?
-260
Let s(j) = -28*j + 567. Calculate s(82).
-1729
Let j(k) = -96*k**2 + 9507*k - 160. Determine j(99).
137
Let h(w) = 3*w**2 + 679*w + 27426. Determine h(-49).
1358
Let h(s) = -2247*s + 34806. What is h(14)?
3348
Let c(v) = -v**3 - 70*v**2 + 148*v - 5168. What is c(-73)?
15
Let p(i) = -18*i**2 - 5191*i - 2018. What is p(-288)?
-2
Let j(k) = -22*k**2 + 2394*k - 9215. Determine j(4).
9
Let g(d) = -3*d**2 - 675*d + 29999. Give g(38).
17
Let i(l) = -475973*l - 16659060. Calculate i(-35).
-5
Let s(p) = p**2 - 10214*p + 122425. Give s(12).
1
Let q(d) = -383*d**2 - 1801*d + 6269. What is q(-7)?
109
Let t(a) = 3*a**3 - 179*a**2 - 95*a - 333. Give t(60).
-2433
Let j(u) = 1375*u + 226885. Determine j(-165).
10
Let a(n) = -111*n**2 - 3432*n + 278. Determine a(-31).
-1
Let i(g) = -2*g**2 + 12*g + 192. What is i(-11)?
-182
Let g(k) = -2*k**3 - 45*k**2 - 171*k - 3176. Determine g(-22).
102
Let v(f) = -9*f**3 + 211*f**2 - 99*f + 155. Determine v(23).
-6
Let o(b) = -135206*b + 2704110. Determine o(20).
-10
Let g(h) = 10941*h - 76737. Calculate g(7).
-150
Let k(n) = 2492*n + 31902. Determine k(-13).
-494
Let g(j) = j**3 + 111*j**2 - 938*j + 29. Calculate g(8).
141
Let r(a) = -126*a**2 - 4678*a + 144. Calculate r(-36).
5256
Let x(r) = -3*r**3 - 158*r**2 - 977*r - 8380. Determine x(-47).
-14
Let r(l) = l**3 - 27*l**2 - 473*l - 959. What is r(-10)?
71
Let